mmon factor of 11 and j.
11
Let u be ((-320)/12)/(-8)*54/5. What is the highest common factor of 126 and u?
18
Suppose 5*c = 2*c + 51. Suppose 0 = 2*f + 3*g - c - 35, -4*g = -2*f + 24. Let x be (28 + -3)*4/2. What is the greatest common factor of x and f?
10
Let a(x) = x**3 - x**2 + 2*x. Let o be a(2). Suppose -p + t + 60 = 0, 0*t = 4*p - 2*t - 248. What is the highest common divisor of o and p?
8
Let o(d) be the third derivative of d**5/60 + d**4/3 - 7*d**3/6 + d**2. Let u be o(-9). Suppose 7 + 35 = u*x. What is the greatest common divisor of x and 14?
7
Suppose 3*b + 2*y - 57 - 31 = 0, -3*b + 92 = y. Let r(a) = a**3 + 11*a**2 - a - 3. Let l be r(-11). What is the highest common factor of b and l?
8
Suppose 0*r + 4 = 2*m + r, 4*m - 12 = -4*r. Let j(u) = -2 - m + 0 + u**2. Let s be j(-3). Calculate the highest common divisor of 36 and s.
6
Let f = 5 - 2. Suppose -23 + f = -2*n. Let v be (-1 - 7/(-5))*25. Calculate the highest common factor of v and n.
10
Let u = -13 + 13. Suppose 0*z + 4*z - 44 = u. Let o = 84 + -51. Calculate the highest common divisor of o and z.
11
Let h be 16/6*(-27)/(-6). Suppose 4*j - 23 = 1. What is the greatest common divisor of h and j?
6
Suppose 3*a = -0*a - 96. Let w be a/(-5) + 12/20. Calculate the greatest common divisor of w and 70.
7
Suppose 0*n - 4*p = 3*n - 59, -n - 3*p + 23 = 0. Suppose 0 = 2*d + 9 - n. Calculate the greatest common factor of d and 4.
4
Suppose -5*z + 4*r + 32 = 0, 4*z - 14 = 2*z + 2*r. Suppose -4*g + 229 = -g + 5*t, z*g = -2*t + 310. What is the highest common factor of 13 and g?
13
Let z = -2 - -6. Suppose -3*p = y - 14, 5*p - 46 = 3*y - z. Let i = 15 - 3. Calculate the greatest common divisor of p and i.
6
Let y = 1 + 4. Suppose -4*j = -3*n + y*n - 96, -5*j = -5*n - 150. What is the greatest common divisor of j and 39?
13
Let k be 18/4*(-4)/(-2). What is the highest common factor of 3 and k?
3
Let p be (5*1)/(16/48). What is the greatest common divisor of p and 105?
15
Let p(l) = -2*l**3 + 2*l**2 + l. Let h be p(-1). Suppose 2*z - h*z + 10 = 0. Let a = 1 - -1. Calculate the highest common divisor of a and z.
2
Suppose -3*r + 9 = -2*r + q, 0 = -5*q. What is the greatest common factor of r and 1?
1
Suppose -7*d = -23*d + 9792. Calculate the highest common factor of 68 and d.
68
Let q be 4/(-16) + 3 + 135/12. Calculate the greatest common factor of q and 2.
2
Let k be (-9)/15 - (-123)/5. Suppose -w - 3*z + 8 = 4*w, w - k = 5*z. Suppose 3*t = 0, -2*v - w*t + 3 = v. Calculate the greatest common factor of v and 3.
1
Suppose -4*z = -3*z + 8. Let w = z + 24. Let t = 11 + 5. What is the greatest common divisor of w and t?
16
Let r(z) = -32*z**3 + 2*z**2 + z. Let u be (-3)/6 - 2/4. Let b be r(u). Let x = b + -17. Calculate the highest common divisor of x and 24.
8
Suppose -4*c = -74 + 42. What is the highest common divisor of 6 and c?
2
Let x be 3/(1 - (-1)/(-2)). Suppose 3*p + 4*j - 98 = 2*j, 2*p = 5*j + 40. Calculate the highest common divisor of p and x.
6
Let x(d) = 26*d + 2. Let c(q) = -27*q - 1. Let y(f) = 5*c(f) + 6*x(f). Let a be y(3). Calculate the highest common divisor of a and 14.
14
Let p = 25 + -28. Let t(r) = 10*r**3 - 2*r**2 + r + 1. Let z be t(2). Let f be z/(-2)*2/p. What is the greatest common divisor of f and 25?
25
Let n(q) = -5*q + 3. Let p be n(-3). Suppose -176 = -3*o - 68. Calculate the highest common divisor of p and o.
18
Suppose -9*y - 144 = -15*y. What is the greatest common divisor of 40 and y?
8
Let t = 15 - 11. Suppose -t*v = -0*r - 4*r + 84, r + v = 21. What is the highest common factor of r and 21?
21
Suppose -13*q + 8*q - 55 = 0. Let h(d) = d**3 - 3*d**2 - 2*d + 3. Let n be h(3). Let a be -1*n/(-3)*q. What is the greatest common divisor of 11 and a?
11
Let z = -45 - -50. What is the highest common factor of 20 and z?
5
Let u = 226 - 368. Let n = -72 - u. Suppose 9*v = -2*h + 4*v + 28, 2*h - 3*v - 28 = 0. Calculate the greatest common divisor of n and h.
14
Let l = 80 - 62. What is the greatest common divisor of l and 45?
9
Let z = -10 + 22. Suppose -2*g + z = -0*g. What is the greatest common divisor of 6 and g?
6
Let i(q) = 5*q + 12. Let v be i(12). Calculate the highest common divisor of v and 9.
9
Let f = -7 + 14. Suppose -f = -p - 4. Calculate the highest common divisor of p and 27.
3
Suppose 3*m - 7*m = 0, 4*a - 2*m - 108 = 0. What is the highest common factor of 297 and a?
27
Let j = -89 + 111. What is the highest common factor of j and 154?
22
Suppose g + 4*p + 4 - 3 = 0, 5*g = 4*p + 19. Suppose -g*x + 0*r = 5*r + 19, 5*x + 10 = -4*r. Calculate the greatest common factor of x and 4.
2
Let y(u) = u**3 + 8*u**2 - 9*u + 3. Let j be y(-9). What is the greatest common factor of j and 2?
1
Let i(f) = f**2 - 5*f + 8. Let d be i(4). What is the greatest common factor of d and 8?
4
Let z be ((-46)/(-4))/(1/((-24)/(-4))). What is the highest common factor of 46 and z?
23
Let q be -1 + 18 + (1 - 5). What is the greatest common divisor of 208 and q?
13
Let m(w) = 3*w + 20. Let s be m(-3). Suppose 3*o + 2*d = -8, d + 0 = -1. Let z be (o - 30*-3)/1. Calculate the highest common factor of s and z.
11
Let m be ((-90)/(-12))/(3/6). What is the highest common factor of m and 3?
3
Let z(l) = l**3 - 4*l**2 - 4*l + 6. Let m be (-27)/(-5) - 4/10. Let f be z(m). Suppose 4 = 2*y + 2*y. Calculate the highest common factor of f and y.
1
Let c = -26 - -50. What is the highest common divisor of 60 and c?
12
Suppose 7 = -z + 47. Calculate the greatest common factor of 4 and z.
4
Let b be (-4)/6 - (-10)/6. Let f(n) = 16*n - 2. Let c be f(1). Suppose -4*j + 18 = a, 2*j + c = 7*j - 3*a. What is the greatest common divisor of j and b?
1
Let k be (-363)/(-9) - (-3)/(-9). What is the greatest common factor of k and 10?
10
Let k = -8 + 16. Let r = 22 - k. Let p(s) = 3*s - 7. Let j be p(7). What is the greatest common factor of j and r?
14
Let w be 6/5*(-6 + 112/12). Calculate the greatest common factor of 16 and w.
4
Suppose -j - 14 - 8 = 0. Let c be (18/12)/((-1)/j). Let t = -13 + 35. Calculate the greatest common divisor of c and t.
11
Let u(q) = -q - 2. Let o be u(-6). Suppose -c + o*d = 15 + 5, -c + 20 = 4*d. Let n be (c + -1)/(-1) + 9. What is the highest common divisor of n and 40?
10
Suppose 0 = -i - 2*i + 6, -2*i - 29 = -3*w. Calculate the highest common divisor of w and 33.
11
Suppose -o + 10 + 1 = 0. Calculate the greatest common factor of o and 22.
11
Let d = 4 - 3. Suppose 0 = 4*c - 2*s - 10, 4*c = -0*c + 3*s + 7. What is the greatest common divisor of c and d?
1
Let m(w) = -24*w. Let k be m(-5). Calculate the highest common divisor of k and 30.
30
Let r be (0 + 7)*(2 + (-21)/(-7)). Let q = 3 + 11. What is the greatest common divisor of r and q?
7
Let t be 5 - (3 - 3 - 0). Let q = -8 + 20. Suppose -t*f + q = -8. What is the highest common factor of 4 and f?
4
Suppose -4*m = 4, 0 = -2*i + i - 5*m + 21. Suppose -4*n + 2*n = -5*b, 0 = -4*b - n + 13. Suppose b*l - 39 = l. Calculate the highest common divisor of l and i.
13
Let v = -110 + 117. Calculate the highest common divisor of v and 2.
1
Let j(m) = -m**3 + 9*m**2 - 5*m - 8. Let f be j(7). What is the highest common factor of f and 22?
11
Let n be (-1)/2*-1*32. Let o = -2 + 42. What is the greatest common divisor of n and o?
8
Let d = 16 + 89. What is the highest common factor of d and 15?
15
Suppose -5*z = -3*j - 158, 4*z - 2 = 14. Let d = 18 - j. Calculate the highest common divisor of 8 and d.
8
Let u = 4 + -10. Let i = 15 + u. Suppose 0 = -3*w + 3 + i. Calculate the greatest common divisor of 28 and w.
4
Suppose -2*r - 4*s = -s - 61, 2*s = -3*r + 94. Suppose 0 = 4*j - 346 + 26. What is the greatest common factor of r and j?
16
Let s(h) = -h**3 - 4*h**2 + 4*h. Let x(f) = -2*f**3 + 3*f**2 - 1. Let a be x(2). Let m be s(a). What is the highest common factor of 40 and m?
5
Let n = 71 - 43. What is the greatest common divisor of 7 and n?
7
Let g(s) = 27*s + 3. Let n be g(1). What is the highest common factor of 6 and n?
6
Suppose 4*b + 19 = t, 7 = -4*t + 2*b + 27. Let i be 0 + t/(-9)*-6. Calculate the greatest common factor of i and 16.
2
Let a = 5 + -2. Suppose a = -n + 4. What is the greatest common factor of n and 9?
1
Let a be 32/(-6)*24/(-16). Calculate the greatest common factor of 20 and a.
4
Let d(j) = -7 - 7*j**2 + 0*